2).
-24
Let a(m) = -m - 7. Let g(z) = -5*z + 5. Let p = 10 - 7. Suppose 2*d = -5*x, p*x + 2*d + 3 = -1. Let t be g(x). Give a(t).
-2
Let y(j) be the third derivative of j**6/120 - j**5/30 - j**4/4 + 2*j**3/3 + 4*j**2 - 8*j. Determine y(4).
12
Let i = 9 - 12. Let b(v) = -4*v**3 + 6*v**2 - 10*v + 11. Let p(h) = 11*h**3 - 19*h**2 + 30*h - 33. Let z(m) = i*p(m) - 8*b(m). Calculate z(8).
-5
Let n(i) = -i**3 + 4*i**2 - i - 1. Let u be -5 + 3 + (-108)/(-4). Suppose -5*t + 71 = -4*v, 82 = 4*t - 3*v + u. Let k = -11 + t. What is n(k)?
-5
Suppose 8*i = 3*i + 15. Let v(w) = 2*w - 4*w + i*w - 2*w - 5. Determine v(-3).
-2
Suppose 10*v + 135 - 135 = 0. Let y(n) = 0 - n - 1 - 6. What is y(v)?
-7
Let m(w) = -w**2 + 2*w + 5. Let s(x) = -x**2 + x. Let r(i) = -3*i**2 + 4*i + 5. Let h(t) = r(t) - 2*s(t). Let z(c) = -4*h(c) + 3*m(c). What is z(5)?
10
Let z(d) = -d + 1. Let o = -1 - -13. Suppose 10 = -5*k + 5*l, o = 3*l - 0*l. Let w be (-1)/(k*3/(-6)). Calculate z(w).
0
Let h(f) = 8*f**3 + 9*f**2 - 10*f + 13. Let s(x) = 3*x**3 + 5*x**2 - 4*x + 6. Let z(y) = -2*h(y) + 5*s(y). What is z(7)?
4
Let h = -1183 - -1194. Let b(m) = -m + 8. What is b(h)?
-3
Let w(s) = -5*s - 13. Let p(r) = 11*r + 40. Let l(n) = 3*p(n) + 8*w(n). Give l(6).
-26
Let b = 37 + -36. Let q(n) = 11 + b + 2 - 3 + n. Let a be ((-8)/6)/((-2)/(-9)). Give q(a).
5
Let o = 8 + -5. Suppose -8*f = f - 45. Let n(z) = o - 3*z + 10*z - f*z. Determine n(-3).
-3
Let t(c) = 7*c + 2. Let f(h) = -8*h**2 - 82*h - 22. Let w be f(-10). Give t(w).
-12
Let f(y) = y**2 + y - 1. Let d(o) = 7 + o**3 - 4*o + 6*o**2 + 3*o**2 - 3*o. Let x(p) = -d(p) + f(p). What is x(-9)?
1
Let b(i) = -13 + i**3 - 6*i - 10 + 24 + 6*i**2. Let h be ((-20)/(-10))/((-4)/14). Calculate b(h).
-6
Suppose g - 3*x = -12, 4*g - 4*x = -11 - 5. Let k(v) be the first derivative of 4 + 1/2*v**2 + 1/3*v**3 + 0*v + 1/4*v**4. What is k(g)?
0
Let n(y) = -y**3 + y**2 + 3. Suppose u - 15 = -f, 0*f = -f + 5*u + 27. Let k = 17 - f. What is n(k)?
3
Let n(s) = 49 - 4*s - 107 + 55. What is n(-7)?
25
Let u(q) = -149*q - 11*q**2 + 79*q - 6 + 59*q + q**3. Determine u(12).
6
Let v = -14 + 24. Let d = v - 7. Let n(y) = d*y**2 + 0*y**3 + 7*y + 3 + y**3 - 7*y**2 - 4*y**2. Calculate n(7).
3
Let p be (-4)/10*60/(-24) + 1. Let h(t) = p*t - t**2 + 14*t + 1 + 2 - 8*t. Calculate h(8).
3
Let l(j) = 2*j**2 - 18*j + 4. Suppose -14*p = -886 + 760. What is l(p)?
4
Let x(c) be the second derivative of c**7/1260 - c**6/720 + c**5/120 - c**4/12 + 9*c. Let a(n) be the third derivative of x(n). What is a(1)?
2
Let t(l) = 2*l**3 + 3*l**2 + 10*l - 1. Let u(j) = j**3 + 2*j**2 + 5*j. Let m(f) = -3*t(f) + 7*u(f). Suppose -8 = -2*s - 0*s. Suppose 0*c - s = c. Give m(c).
-1
Let v(r) = 0 + 32*r + 2*r**2 + 2 - 37*r. Let b(t) = -t**2 + t - 1. Let g(a) = 3*b(a) + v(a). What is g(2)?
-9
Suppose -5*l = 4*t - 33, 6*t = 4*t - 3*l + 19. Let s(b) = 2*b**2 - 20*b**2 + 4*b**2 + 8*b**t - 3*b - 4 - b**3. Determine s(-6).
14
Let y(m) = 4*m + 22. Let q be y(-5). Let v(w) = 4 + 0*w + 9*w**q - w - 10*w**2. Give v(-5).
-16
Suppose 3*j + 3*c = 6*j - 6, -5*j + 8 = -3*c. Let g be (-23 - -23)/((-1 + 0)*j). Let k(m) = -2*m - 5. What is k(g)?
-5
Suppose -5*a + 48 + 42 = 0. Suppose -2*i + 5*b + a = i, 3*i = -4*b - 9. Let r(p) = -5*p**3 + 2*p**2 - 1. Calculate r(i).
-4
Suppose w - 5*u = -3, -1 = 2*w + 3*u - 21. Let m be w/(28/(-8))*-2 + -3. Let i(j) = 3*j**2 - 2*j + 1. Determine i(m).
2
Let f(i) be the first derivative of i**2 - i + 19. Let n(y) = 2*y - 2. Let g(r) = 2*f(r) - 3*n(r). Suppose -s + 3 = -1, -4*p - 5*s + 32 = 0. Give g(p).
-2
Let p be (-4)/18 + (-112)/(-18). Let x(r) be the second derivative of -r**4/24 - 3*r**2 + 12*r. Let d(o) be the first derivative of x(o). Give d(p).
-6
Let r(v) be the third derivative of -v**4/24 - 17*v**3/6 + 9*v**2 - 4. Let s be r(-19). Let h(n) = -2*n**3 + n**2 - 2*n + 2. What is h(s)?
-14
Let w(k) = 0*k**2 - 33 + 6*k**2 + k**3 - 31 + 62 - 3*k - 3*k. What is w(-7)?
-9
Let s(i) be the first derivative of i**3/3 - 8*i**2 + 23*i + 591. Give s(14).
-5
Let n(k) be the third derivative of -k**9/60480 + k**8/5040 - k**6/720 - k**5/30 - 27*k**2. Let d(c) be the third derivative of n(c). Calculate d(4).
-1
Let m(x) = 81*x + 7 + 0 - 4 - 42*x - 1. What is m(-1)?
-37
Let d(c) = -c**3 - 7*c**2 + c + 15. Suppose g = 3*l + 18, l + 11 = -4*g - 8. Determine d(l).
8
Let p(t) = 6*t - 16. Let k(d) = 4*d - 14. Let x(q) = 4*k(q) - 3*p(q). Calculate x(-7).
6
Let v = -37 - -37. Let s(o) = -o - 2 + v*o - 2*o + 2*o. Suppose -2*q - b = -2*b + 7, 3*q + 6 = 3*b. What is s(q)?
3
Suppose t - 10 = -4*n + 14, n + t - 6 = 0. Suppose 3*a + n = -3*p, 0*p + 20 = -5*a - 3*p. Let w(q) = 26*q**2 - 3 - 6*q + 0 - 27*q**2 - 2. What is w(a)?
-12
Let m(q) = 21*q**2 + 35*q - 46. Let n(c) = -8*c**2 - 12*c + 15. Let y(d) = 3*m(d) + 8*n(d). What is y(6)?
0
Suppose -546 = -11*l - 612. Let v(a) = a + 13. Determine v(l).
7
Let a(j) = -4*j**2 + 43*j + 20. Let n be a(11). Let u(c) = 3*c - 4. Give u(n).
23
Let d be 35/(-15)*(-21)/420. Let n(j) be the third derivative of 0*j + 1/120*j**6 - d*j**5 + 1/12*j**4 - 5*j**2 - 4/3*j**3 + 0. Calculate n(7).
6
Let m(l) = 3*l**3 - 41*l**2 + 40*l + 2. Let p(o) = 5*o**3 - 64*o**2 + 60*o + 3. Let c(y) = -8*m(y) + 5*p(y). Calculate c(-10).
-1
Let w(s) = -9*s + 22*s - 10*s. Let b(f) = -f. Let g(r) = 6*b(r) + 3*w(r). Let v(m) = m**3 + 4*m**2 + 4*m. Let j be v(-3). Give g(j).
-9
Let j be (-2)/(-4)*-4 + 4. Suppose 0 = -k - k - j*v, 3*k - 4*v = 0. Let s(p) = -p**2 - 7. Calculate s(k).
-7
Suppose -4 = 3*b + b. Let c(n) = -27*n**3 + 247*n**2 - 5*n. Let f(h) = 41*h**3 - 395*h**2 + 8*h. Let u(i) = -8*c(i) - 5*f(i). What is u(b)?
-12
Let d(s) be the first derivative of -s**3/3 - 21*s**2/2 - 14*s + 339. What is d(-20)?
6
Let f(g) be the second derivative of g**5/120 + 7*g**4/12 - 13*g**3/6 - g**2/2 + 2*g + 13. Let x(u) be the second derivative of f(u). Determine x(-9).
5
Let t(o) be the third derivative of o**6/120 - o**5/15 + o**4/24 + 2*o**3/3 - 95*o**2. Determine t(4).
8
Suppose n - 5 = -2. Let z(s) = 0*s + 1 - s**n + 0*s - s - 5*s**2 - 2*s. Let d(g) = -2*g**2 - 7*g - 4. Let b be d(0). What is z(b)?
-3
Let t(a) = a**3 + 31*a**2 + 25*a - 146. Let p be t(-30). Let f(z) = 2*z**2 - 4*z - 8. Determine f(p).
8
Let t = -5 - 1. Let k be 492/16 - t/(-8). Suppose -8*i + 3*i = -y + 30, -2*y = 5*i + k. Let w(h) = h + 11. Determine w(i).
5
Let k(i) = i**2 + 3*i + 3. Let u be (-44)/20 + 4/20. What is k(u)?
1
Let i(g) = 11 + 60*g - 5*g**2 - 69*g + 2*g**2. Let q(f) = -5*f**2 - 17*f + 21. Let z(h) = 7*i(h) - 4*q(h). Calculate z(6).
-13
Suppose 4*a - 34 = -4*o - 2, -3*o + 4*a = -3. Suppose -5*d - 2 = 2*b + 6, -20 = o*b. Let h(u) = 3*u**3 + 2 + u**3 + 5*u - 3*u**3 + 7*u**2 + d. Give h(-6).
8
Suppose -3*r = 5*x - 18, 0 = 5*r + 26*x - 28*x - 30. Let n(o) = o**3 - 4*o**2 - 11*o + 9. Give n(r).
15
Let o(n) = -n**2 - 3*n + 2. Let u be o(-3). Suppose u*h = h. Let z(k) be the second derivative of k**5/20 + k**3/6 - 3*k**2/2 + 11*k. Give z(h).
-3
Let m = -2 + 0. Let v be 6/m*(-1 + 0). Suppose -5*l + 2*y + y = 8, -v*l - 5*y - 32 = 0. Let b(d) = 2*d + 4. Determine b(l).
-4
Suppose -5*f - 3*o - 15 = 0, -f + o + 4 = -1. Let u(x) be the third derivative of x**4/24 - 5*x**3/6 + 56*x**2 + 2. Give u(f).
-5
Let k(n) be the second derivative of 2*n**3/3 - n**2/2 + n. Let a be 1 + (-7 + 6)/((-1)/7). Let s be 3/12*-1 + (-6)/a. Calculate k(s).
-5
Let x(f) = -f**3 + 4*f**2 + f + 4. Suppose -2*o - 72 = i - 6*o, i - o = -69. Suppose -10*a + 36 = -13*a. Let z be a/(-54) + i/(-18). What is x(z)?
8
Let q(g) = -2*g**2 + 2*g - 1. Let m(n) = 4*n**2 - 2*n + 1. Let o be m(1). Suppose 2*i + o = 7. Suppose -f + 4*f = -5*c - 19, -i*c - 18 = -4*f. Give q(f).
-5
Let z(o) = 10*o**3 + 18*o**2 + 12*o - 40. Let q(s) = -3*s**3 - 6*s**2 - 4*s + 13. Let i(f) = -7*q(f) - 2*z(f). What is i(-5)?
-6
Let s(r) = -r**2 + r - 1. Let h(w) = -w**3 - 6*w**2 - 14*w - 5. Let f(i) = h(i) + 4*s(i). Give f(-9).
0
Let z(w) = 5*w - 6*w - 2636 + 2619. Calculate z(-5).
-12
Let m(l) = -2*l**3 + 4*l**2 + 2*l - 4. Let d(v) = 4*v**3 - 7*v**2 - 4*v + 6. Let f(c) = -4*d(c) - 7*m(c). What is f(2)?
-8
Let u(t) = 31*t**3 - 13*t**2 - 15*t - 2. Let j(w) = -16*w**3 + 6*w**2 + 7*w + 1. Let r(v) = 13*j(v) + 6*u(v). What is r(-1)?
22
Let k(l) = l**3 + 6*l**2 - 2*l + 10. Let d(q) = -q**3 - 6*q**2 + 3*q -